
Let h(c) = -75796*c + 303190. What is h(4)?
6
Let f(o) = o**3 + 24*o**2 - 6250*o - 120. Calculate f(68).
288
Let j(x) = 2*x**2 + 213*x - 64266. Determine j(-240).
-186
Let d(l) = -l**2 + 93*l + 726. Give d(100).
26
Let v(b) = b**3 + 409*b**2 - 1267*b - 12797. Determine v(-412).
-25
Let v(k) = -29084*k + 3141046. Calculate v(108).
-26
Let u(i) = 3*i**3 + 156*i**2 + 578*i + 35. Give u(-48).
-61
Let t(w) = 8288*w - 41441. Determine t(5).
-1
Let a(y) = y**3 - 29*y**2 + 703*y - 6022. Calculate a(12).
-34
Let h(y) = -3092*y + 1125494. Calculate h(364).
6
Let y(o) = 2*o**3 + 584*o**2 - 7322*o - 7896. What is y(-304)?
8
Let n(l) = 354*l + 183034. Calculate n(-517).
16
Let h(z) = 1138*z - 828667. Give h(728).
-203
Let f(i) = 267*i - 8579. Give f(33).
232
Let l(k) = -178*k + 17129. What is l(95)?
219
Let o(h) = -741*h - 51098. Give o(-70).
772
Let k(l) = -l**3 + 16*l**2 - 35*l + 37. What is k(9)?
289
Let r(j) = -j**3 + 127*j**2 - 153*j + 3445. Calculate r(126).
43
Let v(c) = -4246*c + 394949. Give v(93).
71
Let v(f) = 260*f - 5772. What is v(23)?
208
Let b(f) = 19*f**3 + 837*f**2 + 41*f + 67. What is b(-44)?
199
Let z(x) = -4979*x + 229282. Give z(46).
248
Let q(s) = -243576*s + 2679336. Determine q(11).
0
Let g(u) = -u**3 + 94*u**2 + 86*u - 16837. Calculate g(93).
-190
Let b(f) = 327*f**2 - 1312*f + 9. Determine b(4).
-7
Let c(b) = 2623*b + 23409. Determine c(-9).
-198
Let a(h) = -3*h**2 + 364*h + 244. Calculate a(122).
0
Let o(l) = -32*l**2 + 332*l - 141. Determine o(10).
-21
Let o(i) = -12823*i - 346082. Give o(-27).
139
Let q(w) = 2*w**2 - 237741*w + 950945. What is q(4)?
13
Let v(i) = -4437*i - 173042. Calculate v(-39).
1
Let j(h) = -138*h - 1339. What is j(-13)?
455
Let r(a) = -36*a**2 + 13234*a + 4386. Determine r(368).
-766
Let i(d) = 2*d**3 - 17*d**2 - 822*d - 600. What is i(-16)?
8
Let d(k) = -k**3 + 21*k**2 - 2594*k + 19901. Determine d(8).
-19
Let d(n) = n**2 + 42956*n - 687101. Determine d(16).
451
Let j(g) = -1381*g - 40095. Determine j(-29).
-46
Let d(m) = 719*m + 139745. What is d(-194)?
259
Let f(s) = s**3 + 43*s**2 + 391*s + 608. Calculate f(-10).
-2
Let v(j) = -j**3 - 14*j**2 + 25*j - 441. Calculate v(-17).
1
Let m(j) = -413*j - 108590. Calculate m(-263).
29
Let u(c) = 5*c**3 + 340*c**2 - 27029*c + 171. Give u(47).
-17
Let u(l) = 3*l**2 + 1097*l + 6073. Give u(-360).
-47
Let r(c) = -334*c - 39078. Determine r(-117).
0
Let q(a) = -1723*a + 217102. Determine q(126).
4
Let y(i) = -13*i**3 + 206*i**2 - 6*i + 23. What is y(16)?
-585
Let g(v) = 11*v**2 + 284*v - 12511. Determine g(-49).
-16
Let o(y) = -y**3 - 1615*y**2 - 627869*y + 4569. Calculate o(-652).
5
Let g(w) = w**3 - 134*w**2 + 3347*w - 1182. Calculate g(101).
232
Let y(x) = 16841*x + 134832. Calculate y(-8).
104
Let q(i) = -34*i**2 - 1733*i + 49. Determine q(-51).
-2
Let j(g) = g**3 + 329*g**2 - 17198*g + 19472. Give j(-375).
-28
Let r(d) = -32*d**2 - 1526*d - 1011. Give r(-47).
23
Let q(x) = x**3 - 7*x**2 + 99*x + 1180. Determine q(-7).
-199
Let p(x) = -27*x**2 + 58*x + 344. Determine p(-9).
-2365
Let p(m) = 14*m**2 - 1163*m + 4388. Calculate p(78).
-1150
Let d(c) = c**2 - 2474*c - 62469. Determine d(-25).
6
Let i(f) = 1789*f - 5376. Calculate i(3).
-9
Let n(x) = -x**3 - 51*x**2 - 470*x + 22. Calculate n(-12).
46
Let h(w) = 11*w**3 + 59*w**2 + 26*w + 86. Calculate h(-5).
56
Let y(i) = 653*i - 42550. What is y(65)?
-105
Let v(d) = 2*d**3 + 254*d**2 + 756*d + 1445. Calculate v(-124).
-43
Let a(b) = -8956*b - 195. What is a(0)?
-195
Let f(u) = -u**3 + 69*u**2 + 1144*u - 132. Determine f(-14).
120
Let n(v) = -v**3 - 740*v**2 - 48*v - 35526. Calculate n(-740).
-6
Let q(m) = -m**3 - 47*m**2 + 1842*m - 4091. Determine q(-73).
-3
Let c(k) = k**2 + 56412*k + 507629. Give c(-9).
2
Let a(k) = k**3 + 66*k**2 + 378*k - 2093. What is a(-59)?
-28
Let j(g) = -10*g**3 + 90*g**2 + 37329*g - 335962. Give j(9).
-1
Let d(b) = 92*b + 885. Calculate d(-13).
-311
Let m(g) = 483*g + 42664. What is m(-88)?
160
Let j(l) = 43607*l + 7413181. Calculate j(-170).
-9
Let g(c) = -c**2 + 36*c + 1729. Give g(48).
1153
Let i(w) = 2*w**3 - 271*w**2 - 113586*w - 1104. Calculate i(-180).
-24
Let t(a) = -a**3 + 123*a**2 + 516*a - 81. Determine t(127).
935
Let d(y) = -173405*y + 2601070. Calculate d(15).
-5
Let d(c) = -c**3 - 79*c**2 + 1389*c + 290. Calculate d(15).
-25
Let c(u) = u**3 - 14*u**2 - 95*u + 1052. Determine c(9).
-208
Let x(w) = 3*w**3 - 216*w**2 + 433*w - 904. Determine x(70).
6
Let m(a) = -4*a**2 - 93*a - 77. What is m(-9)?
436
Let v(b) = b**2 - 76*b + 2652. Give v(51).
1377
Let s(a) = 155*a**3 - 5006*a**2 + 1474*a - 59. Calculate s(32).
5
Let f(n) = -n**3 - 472*n**2 - 6399*n + 6013. Calculate f(-458).
59
Let n(g) = -g**2 + 132802*g + 531220. Calculate n(-4).
-4
Let a(m) = -m**3 + 2415*m**2 + 535*m + 4544491. What is a(2416)?
-5
Let p(m) = 64*m**3 - 120*m**2 - 199*m - 51. Give p(3).
0
Let c(f) = -2*f**2 + 3582*f + 28771. What is c(-8)?
-13
Let h(k) = -6311*k - 25206. Determine h(-4).
38
Let h(t) = -18*t**3 - 17*t**2 + 55*t - 89. Give h(4).
-1293
Let o(n) = n**2 - 2292*n - 322513. Determine o(-133).
12
Let q(n) = -829*n + 41438. Determine q(50).
-12
Let t(g) = -5*g**3 - 6*g**2 + 125*g + 399. What is t(-4)?
123
Let g(o) = 13727*o + 137309. Give g(-10).
39
Let i(l) = 22171*l + 376885. Give i(-17).
-22
Let j(o) = -o + 2408. Give j(33).
2375
Let y(k) = -3*k**2 - 4713*k + 740879. Calculate y(144).
-1
Let o(j) = -2*j**2 - 507*j + 178839. Give o(198).
45
Let m(u) = 180395*u + 12266854. Give m(-68).
-6
Let n(f) = 1073*f - 18251. What is n(16)?
-1083
Let q(u) = u**3 - 65*u**2 + 1026*u + 635. Give q(32).
-325
Let d(n) = 1460*n - 598652. Determine d(410).
-52
Let w(d) = 5*d**3 + 24*d**2 - 139*d - 73. Determine w(-8).
15
Let r(n) = n**3 - 59*n**2 - 455*n + 389. What is r(66)?
851
Let z(o) = 147*o + 25537. What is z(-174)?
-41
Let j(f) = 168*f - 15734. Calculate j(93).
-110
Let f(u) = 12376*u - 977706. Calculate f(79).
-2
Let i(r) = 7*r**3 + 50*r**2 - 109*r + 71. Give i(-9).
-1
Let m(c) = c**2 + 125*c + 3373. Give m(-39).
19
Let y(q) = q**3 + 9*q**2 - 26*q - 101. What is y(-8)?
171
Let u(d) = 39*d**2 + 821*d + 1620. Calculate u(-21).
1578
Let l(q) = -2775*q**2 + 272*q + 273. What is l(-1)?
-2774
Let w(j) = 2982*j**2 + 41756*j + 32. What is w(-14)?
-80
Let f(n) = 10*n**3 + 3*n**2 + 92*n + 499. What is f(-5)?
-1136
Let r(z) = -42*z + 1004. What is r(13)?
458
Let y(d) = -21*d**2 + 132*d - 521. Determine y(4).
-329
Let k(l) = -153*l**2 + 6277*l - 35. Determine k(41).
129
Let p(d) = d**2 - 63*d - 300. Calculate p(67).
-32
Let i(d) = -2804*d + 53229. Calculate i(19).
-47
Let w(v) = 11*v**3 + 8*v**2 - 61*v + 19. What is w(3)?
205
Let y(d) = 3*d**3 + 69*d**2 + 393*d + 88. Calculate y(-13).
49
Let t(k) = 423*k**2 - 1267*k - 7. Determine t(3).
-1
Let x(j) = -5*j**3 - 73*j**2 - j - 117. Calculate x(-15).
348
Let o(a) = 2*a**2 + 519*a + 15027. What is o(-33)?
78
Let c(m) = -347*m + 1716. What is c(4)?
328
Let h(b) = -3*b**2 - 708*b + 58650. Calculate h(65).
-45
Let y(z) = 2*z**2 + 254*z - 7687. What is y(-154)?
629
Let c(l) = -4*l**2 + 6536*l - 122735. Determine c(19).
5
Let y(w) = -73*w**2 + 5908*w + 406. Calculate y(81).
1
Let u(r) = -r**3 - 123*r**2 + 44*r - 25772. Give u(-125).
-22
Let n(p) = -p**3 + 8*p**2 - 2171*p + 19540. Give n(9).
-80
Let w(m) = 84949*m + 1104311. What is w(-13)?
-26
Let s(y) = 105*y**2 + 5353*y - 38. What is s(-51)?
64
Let v(d) = -d**3 - 174*d**2 + 3369*d - 2075. Give v(17).
-1
Let y(p) = -2*p**3 + 232*p**2 - 5367*p - 770. Give y(84).
-14
Let s(y) = -y**2 + 366581*y - 10263471. Calculate s(28).
13
Let g(v) = 895*v**3 - 77*v**2 + 75*v + 2. Give g(1).
895
Let u(g) = g**3 - 101*g**2 + 96*g + 411. Calculate u(100).
11
Let q(x) = 15*x**3 + 214*x**2 + 108*x + 1139. Calculate q(-14).
411
Let y(q) = -7*q**2 + 288*q - 12. What is y(2)?
536
Let b(k) = 324*k - 2584. What is b(9)?
332
Let i(s) = -1304*s + 253. Calculate i(1).
-1051
Let q(a) = -4*a**2 - 362*a - 8076. Calculate q(-58).
-536
Let v(w) = -2615*w - 520312. Calculate v(-199).
73
Let r(q) = -6080*q - 24325. Determine r(-4).
-5
Let i(q) = q**3 - 4*q**2 + 2467*q + 9861. Calculate i(-4).
-135
Let u(c) = c**2 - 457*c - 145369. Calculate u(-216).
-1
Let n(b) = 174*b**3 + 15488*b**2 + 168*b - 889. Calculate n(-89).
1
Let h(d) = 5*d**2 - 709*d + 25051. What 